{"id":39,"date":"2022-02-27T12:16:44","date_gmt":"2022-02-27T12:16:44","guid":{"rendered":"https:\/\/laubegast.net\/?page_id=39"},"modified":"2022-02-27T14:10:30","modified_gmt":"2022-02-27T14:10:30","slug":"hermann-krone","status":"publish","type":"page","link":"https:\/\/laubegast.net\/?page_id=39","title":{"rendered":"Hermann Krone"},"content":{"rendered":"<h1 style=\"text-align: center;\">Hermann-Krone-Ehrung<\/h1>\n<div class=\"lead\" style=\"text-align: center;\">Hermann Krone \u2013 einer der Wegbereiter der Photographie \u2013 wohnte von 1909 bis zu seinem Tode am 27. September 1916 in Laubegast, Gartenstra\u00dfe 5,<br \/>\nheute Zur Bleiche 5, einem unter Denkmalschutz stehenden Gr\u00fcnderzeitbau.<\/div>\n<div style=\"text-align: center;\"><\/div>\n<div style=\"text-align: center;\"><div  id=\"jtg-42\" class=\"modula modula-gallery modula-columns\" data-config=\"{&quot;tabletHeight&quot;:800,&quot;mobileHeight&quot;:800,&quot;desktopHeight&quot;:800,&quot;enableTwitter&quot;:false,&quot;enableWhatsapp&quot;:false,&quot;enableFacebook&quot;:false,&quot;enablePinterest&quot;:false,&quot;enableLinkedin&quot;:false,&quot;enableEmail&quot;:false,&quot;randomFactor&quot;:0.5,&quot;type&quot;:&quot;grid&quot;,&quot;columns&quot;:12,&quot;gutter&quot;:10,&quot;mobileGutter&quot;:10,&quot;tabletGutter&quot;:10,&quot;desktopGutter&quot;:10,&quot;enableResponsive&quot;:&quot;0&quot;,&quot;tabletColumns&quot;:&quot;2&quot;,&quot;mobileColumns&quot;:&quot;1&quot;,&quot;lazyLoad&quot;:0,&quot;lightboxOpts&quot;:{&quot;animated&quot;:true,&quot;Thumbs&quot;:{&quot;type&quot;:&quot;modern&quot;,&quot;showOnStart&quot;:false},&quot;Toolbar&quot;:{&quot;display&quot;:{&quot;right&quot;:[&quot;close&quot;]},&quot;enabled&quot;:true},&quot;Carousel&quot;:{&quot;Panzoom&quot;:{&quot;touch&quot;:true},&quot;infinite&quot;:false},&quot;keyboard&quot;:{&quot;Escape&quot;:&quot;close&quot;,&quot;Delete&quot;:&quot;close&quot;,&quot;Backspace&quot;:&quot;close&quot;,&quot;PageUp&quot;:false,&quot;PageDown&quot;:false,&quot;ArrowUp&quot;:false,&quot;ArrowDown&quot;:false,&quot;ArrowRight&quot;:false,&quot;ArrowLeft&quot;:false},&quot;touch&quot;:false,&quot;backdropClick&quot;:false,&quot;l10n&quot;:{&quot;CLOSE&quot;:&quot;Close&quot;,&quot;NEXT&quot;:&quot;Next&quot;,&quot;PREV&quot;:&quot;Previous&quot;,&quot;Error&quot;:&quot;The requested content cannot be loaded. Please try again later.&quot;,&quot;PLAY_START&quot;:&quot;Start slideshow&quot;,&quot;PLAY_STOP&quot;:&quot;Pause slideshow&quot;,&quot;FULL_SCREEN&quot;:&quot;Full screen&quot;,&quot;THUMBS&quot;:&quot;Thumbnails&quot;,&quot;DOWNLOAD&quot;:&quot;Download&quot;,&quot;SHARE&quot;:&quot;Share&quot;,&quot;ZOOM&quot;:&quot;Zoom&quot;,&quot;EMAIL&quot;:&quot;Here is the link to the image : %%image_link%% and this is the link to the gallery : %%gallery_link%%&quot;,&quot;MODAL&quot;:&quot;You can close this modal content with the ESC key&quot;,&quot;ERROR&quot;:&quot;Something Went Wrong, Please Try Again Later&quot;,&quot;IMAGE_ERROR&quot;:&quot;Image Not Found&quot;,&quot;ELEMENT_NOT_FOUND&quot;:&quot;HTML Element Not Found&quot;,&quot;AJAX_NOT_FOUND&quot;:&quot;Error Loading AJAX : Not Found&quot;,&quot;AJAX_FORBIDDEN&quot;:&quot;Error Loading AJAX : Forbidden&quot;,&quot;IFRAME_ERROR&quot;:&quot;Error Loading Page&quot;,&quot;TOGGLE_ZOOM&quot;:&quot;Toggle zoom level&quot;,&quot;TOGGLE_THUMBS&quot;:&quot;Toggle thumbnails&quot;,&quot;TOGGLE_SLIDESHOW&quot;:&quot;Toggle slideshow&quot;,&quot;TOGGLE_FULLSCREEN&quot;:&quot;Toggle full-screen mode&quot;},&quot;Images&quot;:{&quot;Panzoom&quot;:{&quot;maxScale&quot;:2}},&quot;mainClass&quot;:&quot;modula-fancybox-container modula-lightbox-jtg-42&quot;,&quot;Html&quot;:{&quot;videoAutoplay&quot;:0,&quot;videoTpl&quot;:&quot;&lt;video class=\\&quot;fancybox__html5video\\&quot; controls muted playsinline controlsList controlsList=\\&quot;nodownload\\&quot; poster=\\&quot;{{poster}}\\&quot; src=\\&quot;{{src}}\\&quot; type=\\&quot;{{format}}\\&quot; &gt;  Sorry, your browser doesn&#039;t support embedded videos, &lt;a href=\\&quot;{{src}}\\&quot;&gt; download &lt;\\\/a&gt; and watch with your favorite video player! &lt;\\\/video&gt;&quot;}},&quot;inView&quot;:false,&quot;email_subject&quot;:&quot;Check out this awesome image !!&quot;,&quot;email_message&quot;:&quot;Here is the link to the image : %%image_link%% and this is the link to the gallery : %%gallery_link%%&quot;,&quot;grid_type&quot;:&quot;4&quot;,&quot;rowHeight&quot;:250,&quot;lastRow&quot;:&quot;justify&quot;,&quot;lightbox&quot;:&quot;fancybox&quot;}\">\n\n\t<div class=\"modula-grid-sizer\"> <\/div>\n\t<div  class=\"modula-items grid-gallery\">\n\t\t<div class=\"modula-item effect-pufrobo\" >\n\t<div class=\"modula-item-overlay\"><\/div>\n\n\t<div class=\"modula-item-content\">\n\n\t\t<a data-image-id=\"43\" role=\"button\" tabindex=\"0\" rel=\"jtg-42\" data-caption=\"\" aria-label=\"Open image in lightbox\" class=\"tile-inner modula-item-link\"><\/a><img loading=\"lazy\" decoding=\"async\" class=\"pic wp-image-43\"  data-valign=\"middle\" data-halign=\"center\" alt=\"Am 3.November 2005 11.30 Uhr trafen sich Laubegaster zur Krone-Ehrung\" data-full=\"https:\/\/laubegast.net\/wp-content\/uploads\/2022\/02\/HKBild00.jpg\" title=\"HKBild00\" crop=\"\" width=\"300\" height=\"225\" src=\"https:\/\/laubegast.net\/wp-content\/uploads\/2022\/02\/HKBild00-300x225.jpg\" data-src=\"https:\/\/laubegast.net\/wp-content\/uploads\/2022\/02\/HKBild00-300x225.jpg\" data-caption=\"\" srcset=\"https:\/\/laubegast.net\/wp-content\/uploads\/2022\/02\/HKBild00.jpg 500w, https:\/\/laubegast.net\/wp-content\/uploads\/2022\/02\/HKBild00-300x225.jpg 300w\" sizes=\"auto, (max-width: 300px) 100vw, 300px\" \/>\n\t\t<div class=\"figc no-description\">\n\t\t\t<div class=\"figc-inner\">\n\t\t\t\t\t\t\t\t\t\t\t\t\t\t\t<\/div>\n\t\t<\/div>\n\n\t<\/div>\n\n<\/div><div class=\"modula-item effect-pufrobo\" >\n\t<div class=\"modula-item-overlay\"><\/div>\n\n\t<div class=\"modula-item-content\">\n\n\t\t<a data-image-id=\"44\" role=\"button\" tabindex=\"0\" rel=\"jtg-42\" data-caption=\"\" aria-label=\"Open image in lightbox\" class=\"tile-inner modula-item-link\"><\/a><img loading=\"lazy\" decoding=\"async\" class=\"pic wp-image-44\"  data-valign=\"middle\" data-halign=\"center\" alt=\"Ortsvertreter und Mitarbeiter der TUD versammeln sich vor dem Haus Nr. 5\" data-full=\"https:\/\/laubegast.net\/wp-content\/uploads\/2022\/02\/HKBild01.jpg\" title=\"HKBild01\" crop=\"\" width=\"300\" height=\"225\" src=\"https:\/\/laubegast.net\/wp-content\/uploads\/2022\/02\/HKBild01-300x225.jpg\" data-src=\"https:\/\/laubegast.net\/wp-content\/uploads\/2022\/02\/HKBild01-300x225.jpg\" data-caption=\"\" srcset=\"https:\/\/laubegast.net\/wp-content\/uploads\/2022\/02\/HKBild01.jpg 500w, https:\/\/laubegast.net\/wp-content\/uploads\/2022\/02\/HKBild01-300x225.jpg 300w\" sizes=\"auto, (max-width: 300px) 100vw, 300px\" \/>\n\t\t<div class=\"figc no-description\">\n\t\t\t<div class=\"figc-inner\">\n\t\t\t\t\t\t\t\t\t\t\t\t\t\t\t<\/div>\n\t\t<\/div>\n\n\t<\/div>\n\n<\/div><div class=\"modula-item effect-pufrobo\" >\n\t<div class=\"modula-item-overlay\"><\/div>\n\n\t<div class=\"modula-item-content\">\n\n\t\t<a data-image-id=\"45\" role=\"button\" tabindex=\"0\" rel=\"jtg-42\" data-caption=\"\" aria-label=\"Open image in lightbox\" class=\"tile-inner modula-item-link\"><\/a><img loading=\"lazy\" decoding=\"async\" class=\"pic wp-image-45\"  data-valign=\"middle\" data-halign=\"center\" alt=\"Die Vertreter der Eigent\u00fcmer und Sponsoren werden begr\u00fc\u00dft\" data-full=\"https:\/\/laubegast.net\/wp-content\/uploads\/2022\/02\/HKBild02.jpg\" title=\"HKBild02\" crop=\"\" width=\"300\" height=\"225\" src=\"https:\/\/laubegast.net\/wp-content\/uploads\/2022\/02\/HKBild02-300x225.jpg\" data-src=\"https:\/\/laubegast.net\/wp-content\/uploads\/2022\/02\/HKBild02-300x225.jpg\" data-caption=\"\" srcset=\"https:\/\/laubegast.net\/wp-content\/uploads\/2022\/02\/HKBild02.jpg 500w, https:\/\/laubegast.net\/wp-content\/uploads\/2022\/02\/HKBild02-300x225.jpg 300w\" sizes=\"auto, (max-width: 300px) 100vw, 300px\" \/>\n\t\t<div class=\"figc no-description\">\n\t\t\t<div class=\"figc-inner\">\n\t\t\t\t\t\t\t\t\t\t\t\t\t\t\t<\/div>\n\t\t<\/div>\n\n\t<\/div>\n\n<\/div><div class=\"modula-item effect-pufrobo\" >\n\t<div class=\"modula-item-overlay\"><\/div>\n\n\t<div class=\"modula-item-content\">\n\n\t\t<a data-image-id=\"46\" role=\"button\" tabindex=\"0\" rel=\"jtg-42\" data-caption=\"\" aria-label=\"Open image in lightbox\" class=\"tile-inner modula-item-link\"><\/a><img loading=\"lazy\" decoding=\"async\" class=\"pic wp-image-46\"  data-valign=\"middle\" data-halign=\"center\" alt=\"Ortsamtsleiter Joachim Liebers er\u00f6ffnet die feierliche Einweihung der Gedenktafel\" data-full=\"https:\/\/laubegast.net\/wp-content\/uploads\/2022\/02\/HKBild03.jpg\" title=\"HKBild03\" crop=\"\" width=\"300\" height=\"225\" src=\"https:\/\/laubegast.net\/wp-content\/uploads\/2022\/02\/HKBild03-300x225.jpg\" data-src=\"https:\/\/laubegast.net\/wp-content\/uploads\/2022\/02\/HKBild03-300x225.jpg\" data-caption=\"\" srcset=\"https:\/\/laubegast.net\/wp-content\/uploads\/2022\/02\/HKBild03.jpg 500w, https:\/\/laubegast.net\/wp-content\/uploads\/2022\/02\/HKBild03-300x225.jpg 300w\" sizes=\"auto, (max-width: 300px) 100vw, 300px\" \/>\n\t\t<div class=\"figc no-description\">\n\t\t\t<div class=\"figc-inner\">\n\t\t\t\t\t\t\t\t\t\t\t\t\t\t\t<\/div>\n\t\t<\/div>\n\n\t<\/div>\n\n<\/div><div class=\"modula-item effect-pufrobo\" >\n\t<div class=\"modula-item-overlay\"><\/div>\n\n\t<div class=\"modula-item-content\">\n\n\t\t<a data-image-id=\"47\" role=\"button\" tabindex=\"0\" rel=\"jtg-42\" data-caption=\"\" aria-label=\"Open image in lightbox\" class=\"tile-inner modula-item-link\"><\/a><img loading=\"lazy\" decoding=\"async\" class=\"pic wp-image-47\"  data-valign=\"middle\" data-halign=\"center\" alt=\"\" data-full=\"https:\/\/laubegast.net\/wp-content\/uploads\/2022\/02\/HKBild04.jpg\" title=\"HKBild04\" crop=\"\" width=\"300\" height=\"225\" src=\"https:\/\/laubegast.net\/wp-content\/uploads\/2022\/02\/HKBild04-300x225.jpg\" data-src=\"https:\/\/laubegast.net\/wp-content\/uploads\/2022\/02\/HKBild04-300x225.jpg\" data-caption=\"\" srcset=\"https:\/\/laubegast.net\/wp-content\/uploads\/2022\/02\/HKBild04.jpg 500w, https:\/\/laubegast.net\/wp-content\/uploads\/2022\/02\/HKBild04-300x225.jpg 300w\" sizes=\"auto, (max-width: 300px) 100vw, 300px\" \/>\n\t\t<div class=\"figc no-description\">\n\t\t\t<div class=\"figc-inner\">\n\t\t\t\t\t\t\t\t\t\t\t\t\t\t\t<\/div>\n\t\t<\/div>\n\n\t<\/div>\n\n<\/div><div class=\"modula-item effect-pufrobo\" >\n\t<div class=\"modula-item-overlay\"><\/div>\n\n\t<div class=\"modula-item-content\">\n\n\t\t<a data-image-id=\"48\" role=\"button\" tabindex=\"0\" rel=\"jtg-42\" data-caption=\"\" aria-label=\"Open image in lightbox\" class=\"tile-inner modula-item-link\"><\/a><img loading=\"lazy\" decoding=\"async\" class=\"pic wp-image-48\"  data-valign=\"middle\" data-halign=\"center\" alt=\"Andreas Heine (TUD) und der Vertreter der Eigent\u00fcmer des Grundst\u00fcckes enth\u00fcllen die Tafel\" data-full=\"https:\/\/laubegast.net\/wp-content\/uploads\/2022\/02\/HKBild05.jpg\" title=\"HKBild05\" crop=\"\" width=\"300\" height=\"225\" src=\"https:\/\/laubegast.net\/wp-content\/uploads\/2022\/02\/HKBild05-300x225.jpg\" data-src=\"https:\/\/laubegast.net\/wp-content\/uploads\/2022\/02\/HKBild05-300x225.jpg\" data-caption=\"\" srcset=\"https:\/\/laubegast.net\/wp-content\/uploads\/2022\/02\/HKBild05.jpg 500w, https:\/\/laubegast.net\/wp-content\/uploads\/2022\/02\/HKBild05-300x225.jpg 300w\" sizes=\"auto, (max-width: 300px) 100vw, 300px\" \/>\n\t\t<div class=\"figc no-description\">\n\t\t\t<div class=\"figc-inner\">\n\t\t\t\t\t\t\t\t\t\t\t\t\t\t\t<\/div>\n\t\t<\/div>\n\n\t<\/div>\n\n<\/div><div class=\"modula-item effect-pufrobo\" >\n\t<div class=\"modula-item-overlay\"><\/div>\n\n\t<div class=\"modula-item-content\">\n\n\t\t<a data-image-id=\"49\" role=\"button\" tabindex=\"0\" rel=\"jtg-42\" data-caption=\"\" aria-label=\"Open image in lightbox\" class=\"tile-inner modula-item-link\"><\/a><img loading=\"lazy\" decoding=\"async\" class=\"pic wp-image-49\"  data-valign=\"middle\" data-halign=\"center\" alt=\"\" data-full=\"https:\/\/laubegast.net\/wp-content\/uploads\/2022\/02\/HKBild06.jpg\" title=\"HKBild06\" crop=\"\" width=\"300\" height=\"225\" src=\"https:\/\/laubegast.net\/wp-content\/uploads\/2022\/02\/HKBild06-300x225.jpg\" data-src=\"https:\/\/laubegast.net\/wp-content\/uploads\/2022\/02\/HKBild06-300x225.jpg\" data-caption=\"\" srcset=\"https:\/\/laubegast.net\/wp-content\/uploads\/2022\/02\/HKBild06.jpg 500w, https:\/\/laubegast.net\/wp-content\/uploads\/2022\/02\/HKBild06-300x225.jpg 300w\" sizes=\"auto, (max-width: 300px) 100vw, 300px\" \/>\n\t\t<div class=\"figc no-description\">\n\t\t\t<div class=\"figc-inner\">\n\t\t\t\t\t\t\t\t\t\t\t\t\t\t\t<\/div>\n\t\t<\/div>\n\n\t<\/div>\n\n<\/div><div class=\"modula-item effect-pufrobo\" >\n\t<div class=\"modula-item-overlay\"><\/div>\n\n\t<div class=\"modula-item-content\">\n\n\t\t<a data-image-id=\"50\" role=\"button\" tabindex=\"0\" rel=\"jtg-42\" data-caption=\"\" aria-label=\"Open image in lightbox\" class=\"tile-inner modula-item-link\"><\/a><img loading=\"lazy\" decoding=\"async\" class=\"pic wp-image-50\"  data-valign=\"middle\" data-halign=\"center\" alt=\"\" data-full=\"https:\/\/laubegast.net\/wp-content\/uploads\/2022\/02\/HKBild07.jpg\" title=\"HKBild07\" crop=\"\" width=\"300\" height=\"225\" src=\"https:\/\/laubegast.net\/wp-content\/uploads\/2022\/02\/HKBild07-300x225.jpg\" data-src=\"https:\/\/laubegast.net\/wp-content\/uploads\/2022\/02\/HKBild07-300x225.jpg\" data-caption=\"\" srcset=\"https:\/\/laubegast.net\/wp-content\/uploads\/2022\/02\/HKBild07.jpg 500w, https:\/\/laubegast.net\/wp-content\/uploads\/2022\/02\/HKBild07-300x225.jpg 300w\" sizes=\"auto, (max-width: 300px) 100vw, 300px\" \/>\n\t\t<div class=\"figc no-description\">\n\t\t\t<div class=\"figc-inner\">\n\t\t\t\t\t\t\t\t\t\t\t\t\t\t\t<\/div>\n\t\t<\/div>\n\n\t<\/div>\n\n<\/div><div class=\"modula-item effect-pufrobo\" >\n\t<div class=\"modula-item-overlay\"><\/div>\n\n\t<div class=\"modula-item-content\">\n\n\t\t<a data-image-id=\"51\" role=\"button\" tabindex=\"0\" rel=\"jtg-42\" data-caption=\"\" aria-label=\"Open image in lightbox\" class=\"tile-inner modula-item-link\"><\/a><img loading=\"lazy\" decoding=\"async\" class=\"pic wp-image-51\"  data-valign=\"middle\" data-halign=\"center\" alt=\"Ernst Hirsch wendet sich an die Versammlung mit dem Hinweis, dass Hermann Krone Professor an der Technischen Hochschule war und man dies auf der Tafel nicht erw\u00e4hnt\" data-full=\"https:\/\/laubegast.net\/wp-content\/uploads\/2022\/02\/HKBild08.jpg\" title=\"HKBild08\" crop=\"\" width=\"300\" height=\"225\" src=\"https:\/\/laubegast.net\/wp-content\/uploads\/2022\/02\/HKBild08-300x225.jpg\" data-src=\"https:\/\/laubegast.net\/wp-content\/uploads\/2022\/02\/HKBild08-300x225.jpg\" data-caption=\"\" srcset=\"https:\/\/laubegast.net\/wp-content\/uploads\/2022\/02\/HKBild08.jpg 500w, https:\/\/laubegast.net\/wp-content\/uploads\/2022\/02\/HKBild08-300x225.jpg 300w\" sizes=\"auto, (max-width: 300px) 100vw, 300px\" \/>\n\t\t<div class=\"figc no-description\">\n\t\t\t<div class=\"figc-inner\">\n\t\t\t\t\t\t\t\t\t\t\t\t\t\t\t<\/div>\n\t\t<\/div>\n\n\t<\/div>\n\n<\/div><div class=\"modula-item effect-pufrobo\" >\n\t<div class=\"modula-item-overlay\"><\/div>\n\n\t<div class=\"modula-item-content\">\n\n\t\t<a data-image-id=\"52\" role=\"button\" tabindex=\"0\" rel=\"jtg-42\" data-caption=\"\" aria-label=\"Open image in lightbox\" class=\"tile-inner modula-item-link\"><\/a><img loading=\"lazy\" decoding=\"async\" class=\"pic wp-image-52\"  data-valign=\"middle\" data-halign=\"center\" alt=\"Herr Liebers nimmt diesen Hinweis dankend an und erw\u00e4gt eine entsprechende Erg\u00e4nzung\" data-full=\"https:\/\/laubegast.net\/wp-content\/uploads\/2022\/02\/HKBild09.jpg\" title=\"HKBild09\" crop=\"\" width=\"300\" height=\"225\" src=\"https:\/\/laubegast.net\/wp-content\/uploads\/2022\/02\/HKBild09-300x225.jpg\" data-src=\"https:\/\/laubegast.net\/wp-content\/uploads\/2022\/02\/HKBild09-300x225.jpg\" data-caption=\"\" srcset=\"https:\/\/laubegast.net\/wp-content\/uploads\/2022\/02\/HKBild09.jpg 500w, https:\/\/laubegast.net\/wp-content\/uploads\/2022\/02\/HKBild09-300x225.jpg 300w\" sizes=\"auto, (max-width: 300px) 100vw, 300px\" \/>\n\t\t<div class=\"figc no-description\">\n\t\t\t<div class=\"figc-inner\">\n\t\t\t\t\t\t\t\t\t\t\t\t\t\t\t<\/div>\n\t\t<\/div>\n\n\t<\/div>\n\n<\/div><div class=\"modula-item effect-pufrobo\" >\n\t<div class=\"modula-item-overlay\"><\/div>\n\n\t<div class=\"modula-item-content\">\n\n\t\t<a data-image-id=\"53\" role=\"button\" tabindex=\"0\" rel=\"jtg-42\" data-caption=\"\" aria-label=\"Open image in lightbox\" class=\"tile-inner modula-item-link\"><\/a><img loading=\"lazy\" decoding=\"async\" class=\"pic wp-image-53\"  data-valign=\"middle\" data-halign=\"center\" alt=\"\" data-full=\"https:\/\/laubegast.net\/wp-content\/uploads\/2022\/02\/HKBild10.jpg\" title=\"HKBild10\" crop=\"\" width=\"300\" height=\"225\" src=\"https:\/\/laubegast.net\/wp-content\/uploads\/2022\/02\/HKBild10-300x225.jpg\" data-src=\"https:\/\/laubegast.net\/wp-content\/uploads\/2022\/02\/HKBild10-300x225.jpg\" data-caption=\"\" srcset=\"https:\/\/laubegast.net\/wp-content\/uploads\/2022\/02\/HKBild10.jpg 500w, https:\/\/laubegast.net\/wp-content\/uploads\/2022\/02\/HKBild10-300x225.jpg 300w\" sizes=\"auto, (max-width: 300px) 100vw, 300px\" \/>\n\t\t<div class=\"figc no-description\">\n\t\t\t<div class=\"figc-inner\">\n\t\t\t\t\t\t\t\t\t\t\t\t\t\t\t<\/div>\n\t\t<\/div>\n\n\t<\/div>\n\n<\/div><div class=\"modula-item effect-pufrobo\" >\n\t<div class=\"modula-item-overlay\"><\/div>\n\n\t<div class=\"modula-item-content\">\n\n\t\t<a data-image-id=\"54\" role=\"button\" tabindex=\"0\" rel=\"jtg-42\" data-caption=\"\" aria-label=\"Open image in lightbox\" class=\"tile-inner modula-item-link\"><\/a><img loading=\"lazy\" decoding=\"async\" class=\"pic wp-image-54\"  data-valign=\"middle\" data-halign=\"center\" alt=\"Joachim Liebers, Ernst Hirsch, Andreas Heine und der Direktor der Kustodie der TUD Klaus Mauersberger (v.l.n.r.)\" data-full=\"https:\/\/laubegast.net\/wp-content\/uploads\/2022\/02\/HKBild11.jpg\" title=\"HKBild11\" crop=\"\" width=\"300\" height=\"225\" src=\"https:\/\/laubegast.net\/wp-content\/uploads\/2022\/02\/HKBild11-300x225.jpg\" data-src=\"https:\/\/laubegast.net\/wp-content\/uploads\/2022\/02\/HKBild11-300x225.jpg\" data-caption=\"\" srcset=\"https:\/\/laubegast.net\/wp-content\/uploads\/2022\/02\/HKBild11.jpg 500w, https:\/\/laubegast.net\/wp-content\/uploads\/2022\/02\/HKBild11-300x225.jpg 300w\" sizes=\"auto, (max-width: 300px) 100vw, 300px\" \/>\n\t\t<div class=\"figc no-description\">\n\t\t\t<div class=\"figc-inner\">\n\t\t\t\t\t\t\t\t\t\t\t\t\t\t\t<\/div>\n\t\t<\/div>\n\n\t<\/div>\n\n<\/div>\t\t\n\t<\/div>\n\n\t\n\t\n\t<script type=\"application\/ld+json\">\n\t{\n\t\t\"@context\": \"http:\/\/schema.org\",\n\t\t\"@type\"   : \"ImageGallery\",\n\t\t\"id\"      : \"https:\/\/laubegast.net\/?page_id=39\/\",\n\t\t\"url\"     : \"https:\/\/laubegast.net\/?page_id=39\/\"\n\t}\n\n\t<\/script>\n\n\t\n<\/div>\n<\/div>\n","protected":false},"excerpt":{"rendered":"<p>Hermann-Krone-Ehrung Hermann Krone \u2013 einer der Wegbereiter der Photographie \u2013 wohnte von 1909 bis zu seinem Tode am 27. September 1916 in Laubegast, Gartenstra\u00dfe 5, heute Zur Bleiche 5, einem unter Denkmalschutz stehenden Gr\u00fcnderzeitbau.<\/p>\n","protected":false},"author":1,"featured_media":0,"parent":0,"menu_order":0,"comment_status":"closed","ping_status":"closed","template":"","meta":{"neve_meta_sidebar":"","neve_meta_container":"","neve_meta_enable_content_width":"","neve_meta_content_width":0,"neve_meta_title_alignment":"","neve_meta_author_avatar":"","neve_post_elements_order":"","neve_meta_disable_header":"","neve_meta_disable_footer":"","neve_meta_disable_title":"","footnotes":""},"class_list":["post-39","page","type-page","status-publish","hentry"],"_links":{"self":[{"href":"https:\/\/laubegast.net\/index.php?rest_route=\/wp\/v2\/pages\/39","targetHints":{"allow":["GET"]}}],"collection":[{"href":"https:\/\/laubegast.net\/index.php?rest_route=\/wp\/v2\/pages"}],"about":[{"href":"https:\/\/laubegast.net\/index.php?rest_route=\/wp\/v2\/types\/page"}],"author":[{"embeddable":true,"href":"https:\/\/laubegast.net\/index.php?rest_route=\/wp\/v2\/users\/1"}],"replies":[{"embeddable":true,"href":"https:\/\/laubegast.net\/index.php?rest_route=%2Fwp%2Fv2%2Fcomments&post=39"}],"version-history":[{"count":3,"href":"https:\/\/laubegast.net\/index.php?rest_route=\/wp\/v2\/pages\/39\/revisions"}],"predecessor-version":[{"id":93,"href":"https:\/\/laubegast.net\/index.php?rest_route=\/wp\/v2\/pages\/39\/revisions\/93"}],"wp:attachment":[{"href":"https:\/\/laubegast.net\/index.php?rest_route=%2Fwp%2Fv2%2Fmedia&parent=39"}],"curies":[{"name":"wp","href":"https:\/\/api.w.org\/{rel}","templated":true}]}}