{"id":35,"date":"2022-02-27T12:15:31","date_gmt":"2022-02-27T12:15:31","guid":{"rendered":"https:\/\/laubegast.net\/?page_id=35"},"modified":"2022-02-27T14:11:03","modified_gmt":"2022-02-27T14:11:03","slug":"kronstaedter-platz","status":"publish","type":"page","link":"https:\/\/laubegast.net\/?page_id=35","title":{"rendered":"Kronst\u00e4dter Platz"},"content":{"rendered":"<div class=\"lead\" style=\"text-align: center;\">8. April 2005<br \/>\nSpringbrunnen am Kronst\u00e4dter Platz eingeweiht<\/div>\n<div style=\"text-align: center;\"><\/div>\n<div style=\"text-align: center;\"><div  id=\"jtg-56\" class=\"modula modula-gallery modula-columns\" data-config=\"{&quot;tabletHeight&quot;:800,&quot;mobileHeight&quot;:800,&quot;desktopHeight&quot;:800,&quot;enableTwitter&quot;:false,&quot;enableWhatsapp&quot;:false,&quot;enableFacebook&quot;:false,&quot;enablePinterest&quot;:false,&quot;enableLinkedin&quot;:false,&quot;enableEmail&quot;:false,&quot;randomFactor&quot;:0.5,&quot;type&quot;:&quot;grid&quot;,&quot;columns&quot;:12,&quot;gutter&quot;:10,&quot;mobileGutter&quot;:10,&quot;tabletGutter&quot;:10,&quot;desktopGutter&quot;:10,&quot;enableResponsive&quot;:&quot;0&quot;,&quot;tabletColumns&quot;:&quot;2&quot;,&quot;mobileColumns&quot;:&quot;1&quot;,&quot;lazyLoad&quot;:0,&quot;lightboxOpts&quot;:{&quot;animated&quot;:true,&quot;Thumbs&quot;:{&quot;type&quot;:&quot;modern&quot;,&quot;showOnStart&quot;:false},&quot;Toolbar&quot;:{&quot;display&quot;:{&quot;right&quot;:[&quot;close&quot;]},&quot;enabled&quot;:true},&quot;Carousel&quot;:{&quot;Panzoom&quot;:{&quot;touch&quot;:true},&quot;infinite&quot;:false},&quot;keyboard&quot;:{&quot;Escape&quot;:&quot;close&quot;,&quot;Delete&quot;:&quot;close&quot;,&quot;Backspace&quot;:&quot;close&quot;,&quot;PageUp&quot;:false,&quot;PageDown&quot;:false,&quot;ArrowUp&quot;:false,&quot;ArrowDown&quot;:false,&quot;ArrowRight&quot;:false,&quot;ArrowLeft&quot;:false},&quot;touch&quot;:false,&quot;backdropClick&quot;:false,&quot;l10n&quot;:{&quot;CLOSE&quot;:&quot;Close&quot;,&quot;NEXT&quot;:&quot;Next&quot;,&quot;PREV&quot;:&quot;Previous&quot;,&quot;Error&quot;:&quot;The requested content cannot be loaded. Please try again later.&quot;,&quot;PLAY_START&quot;:&quot;Start slideshow&quot;,&quot;PLAY_STOP&quot;:&quot;Pause slideshow&quot;,&quot;FULL_SCREEN&quot;:&quot;Full screen&quot;,&quot;THUMBS&quot;:&quot;Thumbnails&quot;,&quot;DOWNLOAD&quot;:&quot;Download&quot;,&quot;SHARE&quot;:&quot;Share&quot;,&quot;ZOOM&quot;:&quot;Zoom&quot;,&quot;EMAIL&quot;:&quot;Here is the link to the image : %%image_link%% and this is the link to the gallery : %%gallery_link%%&quot;,&quot;MODAL&quot;:&quot;You can close this modal content with the ESC key&quot;,&quot;ERROR&quot;:&quot;Something Went Wrong, Please Try Again Later&quot;,&quot;IMAGE_ERROR&quot;:&quot;Image Not Found&quot;,&quot;ELEMENT_NOT_FOUND&quot;:&quot;HTML Element Not Found&quot;,&quot;AJAX_NOT_FOUND&quot;:&quot;Error Loading AJAX : Not Found&quot;,&quot;AJAX_FORBIDDEN&quot;:&quot;Error Loading AJAX : Forbidden&quot;,&quot;IFRAME_ERROR&quot;:&quot;Error Loading Page&quot;,&quot;TOGGLE_ZOOM&quot;:&quot;Toggle zoom level&quot;,&quot;TOGGLE_THUMBS&quot;:&quot;Toggle thumbnails&quot;,&quot;TOGGLE_SLIDESHOW&quot;:&quot;Toggle slideshow&quot;,&quot;TOGGLE_FULLSCREEN&quot;:&quot;Toggle full-screen mode&quot;},&quot;Images&quot;:{&quot;Panzoom&quot;:{&quot;maxScale&quot;:2}},&quot;mainClass&quot;:&quot;modula-fancybox-container modula-lightbox-jtg-56&quot;,&quot;Html&quot;:{&quot;videoAutoplay&quot;:0,&quot;videoTpl&quot;:&quot;&lt;video class=\\&quot;fancybox__html5video\\&quot; controls muted playsinline controlsList controlsList=\\&quot;nodownload\\&quot; poster=\\&quot;{{poster}}\\&quot; src=\\&quot;{{src}}\\&quot; type=\\&quot;{{format}}\\&quot; &gt;  Sorry, your browser doesn&#039;t support embedded videos, &lt;a href=\\&quot;{{src}}\\&quot;&gt; download &lt;\\\/a&gt; and watch with your favorite video player! &lt;\\\/video&gt;&quot;}},&quot;inView&quot;:false,&quot;email_subject&quot;:&quot;Check out this awesome image !!&quot;,&quot;email_message&quot;:&quot;Here is the link to the image : %%image_link%% and this is the link to the gallery : %%gallery_link%%&quot;,&quot;grid_type&quot;:&quot;4&quot;,&quot;rowHeight&quot;:250,&quot;lastRow&quot;:&quot;justify&quot;,&quot;lightbox&quot;:&quot;fancybox&quot;}\">\n\n\t<div class=\"modula-grid-sizer\"> <\/div>\n\t<div  class=\"modula-items grid-gallery\">\n\t\t<div class=\"modula-item effect-pufrobo\" >\n\t<div class=\"modula-item-overlay\"><\/div>\n\n\t<div class=\"modula-item-content\">\n\n\t\t<a data-image-id=\"57\" role=\"button\" tabindex=\"0\" rel=\"jtg-56\" data-caption=\"\" aria-label=\"Open image in lightbox\" class=\"tile-inner modula-item-link\"><\/a><img loading=\"lazy\" decoding=\"async\" class=\"pic wp-image-57\"  data-valign=\"middle\" data-halign=\"center\" alt=\"Am 8. April um 11.00 Uhr waren die Laubegaster eingeladen, an der feierlichen Einweihung der im vergangenen Herbst rekonstruierten Brunnenanlage auf dem Kronst\u00e4dter Platz teilzunehmen.\" data-full=\"https:\/\/laubegast.net\/wp-content\/uploads\/2022\/02\/KPBild01.jpg\" title=\"KPBild01\" crop=\"\" width=\"300\" height=\"225\" src=\"https:\/\/laubegast.net\/wp-content\/uploads\/2022\/02\/KPBild01.jpg\" data-src=\"https:\/\/laubegast.net\/wp-content\/uploads\/2022\/02\/KPBild01.jpg\" data-caption=\"\"\/>\n\t\t<div class=\"figc no-description\">\n\t\t\t<div class=\"figc-inner\">\n\t\t\t\t\t\t\t\t\t\t\t\t\t\t\t<\/div>\n\t\t<\/div>\n\n\t<\/div>\n\n<\/div><div class=\"modula-item effect-pufrobo\" >\n\t<div class=\"modula-item-overlay\"><\/div>\n\n\t<div class=\"modula-item-content\">\n\n\t\t<a data-image-id=\"58\" role=\"button\" tabindex=\"0\" rel=\"jtg-56\" data-caption=\"\" aria-label=\"Open image in lightbox\" class=\"tile-inner modula-item-link\"><\/a><img loading=\"lazy\" decoding=\"async\" class=\"pic wp-image-58\"  data-valign=\"middle\" data-halign=\"center\" alt=\"Feierliche Musik ...\" data-full=\"https:\/\/laubegast.net\/wp-content\/uploads\/2022\/02\/KPBild02.jpg\" title=\"KPBild02\" crop=\"\" width=\"300\" height=\"225\" src=\"https:\/\/laubegast.net\/wp-content\/uploads\/2022\/02\/KPBild02.jpg\" data-src=\"https:\/\/laubegast.net\/wp-content\/uploads\/2022\/02\/KPBild02.jpg\" data-caption=\"\"\/>\n\t\t<div class=\"figc no-description\">\n\t\t\t<div class=\"figc-inner\">\n\t\t\t\t\t\t\t\t\t\t\t\t\t\t\t<\/div>\n\t\t<\/div>\n\n\t<\/div>\n\n<\/div><div class=\"modula-item effect-pufrobo\" >\n\t<div class=\"modula-item-overlay\"><\/div>\n\n\t<div class=\"modula-item-content\">\n\n\t\t<a data-image-id=\"59\" role=\"button\" tabindex=\"0\" rel=\"jtg-56\" data-caption=\"\" aria-label=\"Open image in lightbox\" class=\"tile-inner modula-item-link\"><\/a><img loading=\"lazy\" decoding=\"async\" class=\"pic wp-image-59\"  data-valign=\"middle\" data-halign=\"center\" alt=\"Dank gilt den flei\u00dfigen Spendern und Erbauern, die auf einer kleinen Bronzetafel der Nachwelt erhalten bleiben.\" data-full=\"https:\/\/laubegast.net\/wp-content\/uploads\/2022\/02\/KPBild03.jpg\" title=\"KPBild03\" crop=\"\" width=\"300\" height=\"225\" src=\"https:\/\/laubegast.net\/wp-content\/uploads\/2022\/02\/KPBild03.jpg\" data-src=\"https:\/\/laubegast.net\/wp-content\/uploads\/2022\/02\/KPBild03.jpg\" data-caption=\"\"\/>\n\t\t<div class=\"figc no-description\">\n\t\t\t<div class=\"figc-inner\">\n\t\t\t\t\t\t\t\t\t\t\t\t\t\t\t<\/div>\n\t\t<\/div>\n\n\t<\/div>\n\n<\/div><div class=\"modula-item effect-pufrobo\" >\n\t<div class=\"modula-item-overlay\"><\/div>\n\n\t<div class=\"modula-item-content\">\n\n\t\t<a data-image-id=\"60\" role=\"button\" tabindex=\"0\" rel=\"jtg-56\" data-caption=\"\" aria-label=\"Open image in lightbox\" class=\"tile-inner modula-item-link\"><\/a><img loading=\"lazy\" decoding=\"async\" class=\"pic wp-image-60\"  data-valign=\"middle\" data-halign=\"center\" alt=\"Das sind die Spender\" data-full=\"https:\/\/laubegast.net\/wp-content\/uploads\/2022\/02\/KPBild04.jpg\" title=\"KPBild04\" crop=\"\" width=\"300\" height=\"225\" src=\"https:\/\/laubegast.net\/wp-content\/uploads\/2022\/02\/KPBild04.jpg\" data-src=\"https:\/\/laubegast.net\/wp-content\/uploads\/2022\/02\/KPBild04.jpg\" data-caption=\"\"\/>\n\t\t<div class=\"figc no-description\">\n\t\t\t<div class=\"figc-inner\">\n\t\t\t\t\t\t\t\t\t\t\t\t\t\t\t<\/div>\n\t\t<\/div>\n\n\t<\/div>\n\n<\/div><div class=\"modula-item effect-pufrobo\" >\n\t<div class=\"modula-item-overlay\"><\/div>\n\n\t<div class=\"modula-item-content\">\n\n\t\t<a data-image-id=\"61\" role=\"button\" tabindex=\"0\" rel=\"jtg-56\" data-caption=\"\" aria-label=\"Open image in lightbox\" class=\"tile-inner modula-item-link\"><\/a><img loading=\"lazy\" decoding=\"async\" class=\"pic wp-image-61\"  data-valign=\"middle\" data-halign=\"center\" alt=\"Der Springbrunnen wurde 1903, kurz nach der Errichtung der umliegenden B\u00fcrgerh\u00e4user, vom Baumeister M\u00fcnziger auf dem damaligen Bismarckplatz errichtet.\" data-full=\"https:\/\/laubegast.net\/wp-content\/uploads\/2022\/02\/KPBild05.jpg\" title=\"KPBild05\" crop=\"\" width=\"300\" height=\"225\" src=\"https:\/\/laubegast.net\/wp-content\/uploads\/2022\/02\/KPBild05.jpg\" data-src=\"https:\/\/laubegast.net\/wp-content\/uploads\/2022\/02\/KPBild05.jpg\" data-caption=\"\"\/>\n\t\t<div class=\"figc no-description\">\n\t\t\t<div class=\"figc-inner\">\n\t\t\t\t\t\t\t\t\t\t\t\t\t\t\t<\/div>\n\t\t<\/div>\n\n\t<\/div>\n\n<\/div><div class=\"modula-item effect-pufrobo\" >\n\t<div class=\"modula-item-overlay\"><\/div>\n\n\t<div class=\"modula-item-content\">\n\n\t\t<a data-image-id=\"62\" role=\"button\" tabindex=\"0\" rel=\"jtg-56\" data-caption=\"\" aria-label=\"Open image in lightbox\" class=\"tile-inner modula-item-link\"><\/a><img loading=\"lazy\" decoding=\"async\" class=\"pic wp-image-62\"  data-valign=\"middle\" data-halign=\"center\" alt=\"Abendstimmung\" data-full=\"https:\/\/laubegast.net\/wp-content\/uploads\/2022\/02\/KPBild06.jpg\" title=\"KPBild06\" crop=\"\" width=\"300\" height=\"225\" src=\"https:\/\/laubegast.net\/wp-content\/uploads\/2022\/02\/KPBild06.jpg\" data-src=\"https:\/\/laubegast.net\/wp-content\/uploads\/2022\/02\/KPBild06.jpg\" data-caption=\"\"\/>\n\t\t<div class=\"figc no-description\">\n\t\t\t<div class=\"figc-inner\">\n\t\t\t\t\t\t\t\t\t\t\t\t\t\t\t<\/div>\n\t\t<\/div>\n\n\t<\/div>\n\n<\/div><div class=\"modula-item effect-pufrobo\" >\n\t<div class=\"modula-item-overlay\"><\/div>\n\n\t<div class=\"modula-item-content\">\n\n\t\t<a data-image-id=\"63\" role=\"button\" tabindex=\"0\" rel=\"jtg-56\" data-caption=\"\" aria-label=\"Open image in lightbox\" class=\"tile-inner modula-item-link\"><\/a><img loading=\"lazy\" decoding=\"async\" class=\"pic wp-image-63\"  data-valign=\"middle\" data-halign=\"center\" alt=\"\" data-full=\"https:\/\/laubegast.net\/wp-content\/uploads\/2022\/02\/KPBild07.jpg\" title=\"KPBild07\" crop=\"\" width=\"300\" height=\"225\" src=\"https:\/\/laubegast.net\/wp-content\/uploads\/2022\/02\/KPBild07.jpg\" data-src=\"https:\/\/laubegast.net\/wp-content\/uploads\/2022\/02\/KPBild07.jpg\" data-caption=\"\"\/>\n\t\t<div class=\"figc no-description\">\n\t\t\t<div class=\"figc-inner\">\n\t\t\t\t\t\t\t\t\t\t\t\t\t\t\t<\/div>\n\t\t<\/div>\n\n\t<\/div>\n\n<\/div><div class=\"modula-item effect-pufrobo\" >\n\t<div class=\"modula-item-overlay\"><\/div>\n\n\t<div class=\"modula-item-content\">\n\n\t\t<a data-image-id=\"64\" role=\"button\" tabindex=\"0\" rel=\"jtg-56\" data-caption=\"\" aria-label=\"Open image in lightbox\" class=\"tile-inner modula-item-link\"><\/a><img loading=\"lazy\" decoding=\"async\" class=\"pic wp-image-64\"  data-valign=\"middle\" data-halign=\"center\" alt=\"Wir alle genie\u00dfen mit Freude dieses neue Wahrzeichen des Platzes und hoffen, dass es uns lange erhalten bleibt!\" data-full=\"https:\/\/laubegast.net\/wp-content\/uploads\/2022\/02\/KPBild08.jpg\" title=\"KPBild08\" crop=\"\" width=\"300\" height=\"225\" src=\"https:\/\/laubegast.net\/wp-content\/uploads\/2022\/02\/KPBild08.jpg\" data-src=\"https:\/\/laubegast.net\/wp-content\/uploads\/2022\/02\/KPBild08.jpg\" data-caption=\"\"\/>\n\t\t<div class=\"figc no-description\">\n\t\t\t<div class=\"figc-inner\">\n\t\t\t\t\t\t\t\t\t\t\t\t\t\t\t<\/div>\n\t\t<\/div>\n\n\t<\/div>\n\n<\/div>\t\t\n\t<\/div>\n\n\t\n\t\n\t<script type=\"application\/ld+json\">\n\t{\n\t\t\"@context\": \"http:\/\/schema.org\",\n\t\t\"@type\"   : \"ImageGallery\",\n\t\t\"id\"      : \"https:\/\/laubegast.net\/?page_id=35\/\",\n\t\t\"url\"     : \"https:\/\/laubegast.net\/?page_id=35\/\"\n\t}\n\n\t<\/script>\n\n\t\n<\/div>\n<\/div>\n","protected":false},"excerpt":{"rendered":"<p>8. April 2005 Springbrunnen am Kronst\u00e4dter Platz eingeweiht<\/p>\n","protected":false},"author":1,"featured_media":0,"parent":0,"menu_order":0,"comment_status":"closed","ping_status":"closed","template":"","meta":{"neve_meta_sidebar":"","neve_meta_container":"","neve_meta_enable_content_width":"","neve_meta_content_width":0,"neve_meta_title_alignment":"","neve_meta_author_avatar":"","neve_post_elements_order":"","neve_meta_disable_header":"","neve_meta_disable_footer":"","neve_meta_disable_title":"","footnotes":""},"class_list":["post-35","page","type-page","status-publish","hentry"],"_links":{"self":[{"href":"https:\/\/laubegast.net\/index.php?rest_route=\/wp\/v2\/pages\/35","targetHints":{"allow":["GET"]}}],"collection":[{"href":"https:\/\/laubegast.net\/index.php?rest_route=\/wp\/v2\/pages"}],"about":[{"href":"https:\/\/laubegast.net\/index.php?rest_route=\/wp\/v2\/types\/page"}],"author":[{"embeddable":true,"href":"https:\/\/laubegast.net\/index.php?rest_route=\/wp\/v2\/users\/1"}],"replies":[{"embeddable":true,"href":"https:\/\/laubegast.net\/index.php?rest_route=%2Fwp%2Fv2%2Fcomments&post=35"}],"version-history":[{"count":4,"href":"https:\/\/laubegast.net\/index.php?rest_route=\/wp\/v2\/pages\/35\/revisions"}],"predecessor-version":[{"id":94,"href":"https:\/\/laubegast.net\/index.php?rest_route=\/wp\/v2\/pages\/35\/revisions\/94"}],"wp:attachment":[{"href":"https:\/\/laubegast.net\/index.php?rest_route=%2Fwp%2Fv2%2Fmedia&parent=35"}],"curies":[{"name":"wp","href":"https:\/\/api.w.org\/{rel}","templated":true}]}}